{"id":949,"date":"2023-01-30T13:48:55","date_gmt":"2023-01-30T12:48:55","guid":{"rendered":"https:\/\/www.cieffefilati.it\/catalogo\/%categoriacatalogo%\/nastro-elastico\/"},"modified":"2023-02-02T15:02:58","modified_gmt":"2023-02-02T14:02:58","slug":"ruban-elastique","status":"publish","type":"catalogo","link":"https:\/\/www.cieffefilati.it\/fr\/catalogo\/accessori-fr\/ruban-elastique\/","title":{"rendered":"RUBAN \u00c9LASTIQUE"},"content":{"rendered":"<p>Le ruban \u00e9lastique de Cieffe Filati est disponible dans des hauteurs et emballages vari\u00e9s, ou destin\u00e9 \u00e0 de nombreux secteurs tels que les v\u00eatements techniques pour la maison ainsi que pour tous les usages diff\u00e9rents dans les domaines les plus divers.<\/p>\n","protected":false},"featured_media":5654,"menu_order":16,"template":"","categoriacatalogo":[50],"class_list":["post-949","catalogo","type-catalogo","status-publish","has-post-thumbnail","hentry","categoriacatalogo-accessori-fr"],"acf":[],"yoast_head":"<!-- This site is optimized with the Yoast SEO plugin v25.6 - https:\/\/yoast.com\/wordpress\/plugins\/seo\/ -->\n<title>RUBAN \u00c9LASTIQUE &#8211; Cieffe Filati<\/title>\n<meta name=\"robots\" content=\"index, follow, max-snippet:-1, max-image-preview:large, max-video-preview:-1\" \/>\n<link rel=\"canonical\" href=\"https:\/\/www.cieffefilati.it\/fr\/catalogo\/accessori-fr\/ruban-elastique\/\" \/>\n<meta name=\"twitter:label1\" content=\"Tempo di lettura stimato\" \/>\n\t<meta name=\"twitter:data1\" content=\"1 minuto\" \/>\n<script type=\"application\/ld+json\" class=\"yoast-schema-graph\">{\"@context\":\"https:\/\/schema.org\",\"@graph\":[{\"@type\":\"WebPage\",\"@id\":\"https:\/\/www.cieffefilati.it\/fr\/catalogo\/accessori-fr\/ruban-elastique\/\",\"url\":\"https:\/\/www.cieffefilati.it\/fr\/catalogo\/accessori-fr\/ruban-elastique\/\",\"name\":\"RUBAN \u00c9LASTIQUE &#8211; Cieffe Filati\",\"isPartOf\":{\"@id\":\"https:\/\/www.cieffefilati.it\/fr\/#website\"},\"primaryImageOfPage\":{\"@id\":\"https:\/\/www.cieffefilati.it\/fr\/catalogo\/accessori-fr\/ruban-elastique\/#primaryimage\"},\"image\":{\"@id\":\"https:\/\/www.cieffefilati.it\/fr\/catalogo\/accessori-fr\/ruban-elastique\/#primaryimage\"},\"thumbnailUrl\":\"https:\/\/www.cieffefilati.it\/wp-content\/uploads\/2023\/01\/WhatsApp-Image-2023-03-22-at-13.17.42.jpeg\",\"datePublished\":\"2023-01-30T12:48:55+00:00\",\"dateModified\":\"2023-02-02T14:02:58+00:00\",\"breadcrumb\":{\"@id\":\"https:\/\/www.cieffefilati.it\/fr\/catalogo\/accessori-fr\/ruban-elastique\/#breadcrumb\"},\"inLanguage\":\"it-IT\",\"potentialAction\":[{\"@type\":\"ReadAction\",\"target\":[\"https:\/\/www.cieffefilati.it\/fr\/catalogo\/accessori-fr\/ruban-elastique\/\"]}]},{\"@type\":\"ImageObject\",\"inLanguage\":\"it-IT\",\"@id\":\"https:\/\/www.cieffefilati.it\/fr\/catalogo\/accessori-fr\/ruban-elastique\/#primaryimage\",\"url\":\"https:\/\/www.cieffefilati.it\/wp-content\/uploads\/2023\/01\/WhatsApp-Image-2023-03-22-at-13.17.42.jpeg\",\"contentUrl\":\"https:\/\/www.cieffefilati.it\/wp-content\/uploads\/2023\/01\/WhatsApp-Image-2023-03-22-at-13.17.42.jpeg\",\"width\":1499,\"height\":1453},{\"@type\":\"BreadcrumbList\",\"@id\":\"https:\/\/www.cieffefilati.it\/fr\/catalogo\/accessori-fr\/ruban-elastique\/#breadcrumb\",\"itemListElement\":[{\"@type\":\"ListItem\",\"position\":1,\"name\":\"Home\",\"item\":\"https:\/\/www.cieffefilati.it\/fr\/\"},{\"@type\":\"ListItem\",\"position\":2,\"name\":\"Catalogo\",\"item\":\"https:\/\/www.cieffefilati.it\/fr\/catalogo\/%categoriacatalogo%\/\"},{\"@type\":\"ListItem\",\"position\":3,\"name\":\"Accessori\",\"item\":\"https:\/\/www.cieffefilati.it\/fr\/categoriecatalogue\/accessori-fr\/\"},{\"@type\":\"ListItem\",\"position\":4,\"name\":\"RUBAN \u00c9LASTIQUE\"}]},{\"@type\":\"WebSite\",\"@id\":\"https:\/\/www.cieffefilati.it\/fr\/#website\",\"url\":\"https:\/\/www.cieffefilati.it\/fr\/\",\"name\":\"Cieffe Filati\",\"description\":\"\",\"publisher\":{\"@id\":\"https:\/\/www.cieffefilati.it\/fr\/#organization\"},\"potentialAction\":[{\"@type\":\"SearchAction\",\"target\":{\"@type\":\"EntryPoint\",\"urlTemplate\":\"https:\/\/www.cieffefilati.it\/fr\/?s={search_term_string}\"},\"query-input\":{\"@type\":\"PropertyValueSpecification\",\"valueRequired\":true,\"valueName\":\"search_term_string\"}}],\"inLanguage\":\"it-IT\"},{\"@type\":\"Organization\",\"@id\":\"https:\/\/www.cieffefilati.it\/fr\/#organization\",\"name\":\"Cieffe Filati\",\"url\":\"https:\/\/www.cieffefilati.it\/fr\/\",\"logo\":{\"@type\":\"ImageObject\",\"inLanguage\":\"it-IT\",\"@id\":\"https:\/\/www.cieffefilati.it\/fr\/#\/schema\/logo\/image\/\",\"url\":\"https:\/\/www.cieffefilati.it\/wp-content\/uploads\/2024\/09\/logo-cieffe-filati-1.png\",\"contentUrl\":\"https:\/\/www.cieffefilati.it\/wp-content\/uploads\/2024\/09\/logo-cieffe-filati-1.png\",\"width\":372,\"height\":58,\"caption\":\"Cieffe Filati\"},\"image\":{\"@id\":\"https:\/\/www.cieffefilati.it\/fr\/#\/schema\/logo\/image\/\"}}]}<\/script>\n<!-- \/ Yoast SEO plugin. -->","yoast_head_json":{"title":"RUBAN \u00c9LASTIQUE &#8211; Cieffe Filati","robots":{"index":"index","follow":"follow","max-snippet":"max-snippet:-1","max-image-preview":"max-image-preview:large","max-video-preview":"max-video-preview:-1"},"canonical":"https:\/\/www.cieffefilati.it\/fr\/catalogo\/accessori-fr\/ruban-elastique\/","twitter_misc":{"Tempo di lettura stimato":"1 minuto"},"schema":{"@context":"https:\/\/schema.org","@graph":[{"@type":"WebPage","@id":"https:\/\/www.cieffefilati.it\/fr\/catalogo\/accessori-fr\/ruban-elastique\/","url":"https:\/\/www.cieffefilati.it\/fr\/catalogo\/accessori-fr\/ruban-elastique\/","name":"RUBAN \u00c9LASTIQUE &#8211; Cieffe Filati","isPartOf":{"@id":"https:\/\/www.cieffefilati.it\/fr\/#website"},"primaryImageOfPage":{"@id":"https:\/\/www.cieffefilati.it\/fr\/catalogo\/accessori-fr\/ruban-elastique\/#primaryimage"},"image":{"@id":"https:\/\/www.cieffefilati.it\/fr\/catalogo\/accessori-fr\/ruban-elastique\/#primaryimage"},"thumbnailUrl":"https:\/\/www.cieffefilati.it\/wp-content\/uploads\/2023\/01\/WhatsApp-Image-2023-03-22-at-13.17.42.jpeg","datePublished":"2023-01-30T12:48:55+00:00","dateModified":"2023-02-02T14:02:58+00:00","breadcrumb":{"@id":"https:\/\/www.cieffefilati.it\/fr\/catalogo\/accessori-fr\/ruban-elastique\/#breadcrumb"},"inLanguage":"it-IT","potentialAction":[{"@type":"ReadAction","target":["https:\/\/www.cieffefilati.it\/fr\/catalogo\/accessori-fr\/ruban-elastique\/"]}]},{"@type":"ImageObject","inLanguage":"it-IT","@id":"https:\/\/www.cieffefilati.it\/fr\/catalogo\/accessori-fr\/ruban-elastique\/#primaryimage","url":"https:\/\/www.cieffefilati.it\/wp-content\/uploads\/2023\/01\/WhatsApp-Image-2023-03-22-at-13.17.42.jpeg","contentUrl":"https:\/\/www.cieffefilati.it\/wp-content\/uploads\/2023\/01\/WhatsApp-Image-2023-03-22-at-13.17.42.jpeg","width":1499,"height":1453},{"@type":"BreadcrumbList","@id":"https:\/\/www.cieffefilati.it\/fr\/catalogo\/accessori-fr\/ruban-elastique\/#breadcrumb","itemListElement":[{"@type":"ListItem","position":1,"name":"Home","item":"https:\/\/www.cieffefilati.it\/fr\/"},{"@type":"ListItem","position":2,"name":"Catalogo","item":"https:\/\/www.cieffefilati.it\/fr\/catalogo\/%categoriacatalogo%\/"},{"@type":"ListItem","position":3,"name":"Accessori","item":"https:\/\/www.cieffefilati.it\/fr\/categoriecatalogue\/accessori-fr\/"},{"@type":"ListItem","position":4,"name":"RUBAN \u00c9LASTIQUE"}]},{"@type":"WebSite","@id":"https:\/\/www.cieffefilati.it\/fr\/#website","url":"https:\/\/www.cieffefilati.it\/fr\/","name":"Cieffe Filati","description":"","publisher":{"@id":"https:\/\/www.cieffefilati.it\/fr\/#organization"},"potentialAction":[{"@type":"SearchAction","target":{"@type":"EntryPoint","urlTemplate":"https:\/\/www.cieffefilati.it\/fr\/?s={search_term_string}"},"query-input":{"@type":"PropertyValueSpecification","valueRequired":true,"valueName":"search_term_string"}}],"inLanguage":"it-IT"},{"@type":"Organization","@id":"https:\/\/www.cieffefilati.it\/fr\/#organization","name":"Cieffe Filati","url":"https:\/\/www.cieffefilati.it\/fr\/","logo":{"@type":"ImageObject","inLanguage":"it-IT","@id":"https:\/\/www.cieffefilati.it\/fr\/#\/schema\/logo\/image\/","url":"https:\/\/www.cieffefilati.it\/wp-content\/uploads\/2024\/09\/logo-cieffe-filati-1.png","contentUrl":"https:\/\/www.cieffefilati.it\/wp-content\/uploads\/2024\/09\/logo-cieffe-filati-1.png","width":372,"height":58,"caption":"Cieffe Filati"},"image":{"@id":"https:\/\/www.cieffefilati.it\/fr\/#\/schema\/logo\/image\/"}}]}},"_links":{"self":[{"href":"https:\/\/www.cieffefilati.it\/fr\/wp-json\/wp\/v2\/catalogo\/949","targetHints":{"allow":["GET"]}}],"collection":[{"href":"https:\/\/www.cieffefilati.it\/fr\/wp-json\/wp\/v2\/catalogo"}],"about":[{"href":"https:\/\/www.cieffefilati.it\/fr\/wp-json\/wp\/v2\/types\/catalogo"}],"version-history":[{"count":1,"href":"https:\/\/www.cieffefilati.it\/fr\/wp-json\/wp\/v2\/catalogo\/949\/revisions"}],"predecessor-version":[{"id":952,"href":"https:\/\/www.cieffefilati.it\/fr\/wp-json\/wp\/v2\/catalogo\/949\/revisions\/952"}],"wp:featuredmedia":[{"embeddable":true,"href":"https:\/\/www.cieffefilati.it\/fr\/wp-json\/wp\/v2\/media\/5654"}],"wp:attachment":[{"href":"https:\/\/www.cieffefilati.it\/fr\/wp-json\/wp\/v2\/media?parent=949"}],"wp:term":[{"taxonomy":"categoriacatalogo","embeddable":true,"href":"https:\/\/www.cieffefilati.it\/fr\/wp-json\/wp\/v2\/categoriacatalogo?post=949"}],"curies":[{"name":"wp","href":"https:\/\/api.w.org\/{rel}","templated":true}]}}

RUBAN ÉLASTIQUE

<p>Le ruban élastique de Cieffe Filati est disponible dans des hauteurs et emballages variés, ou destiné à de nombreux secteurs tels que les vêtements techniques pour la maison ainsi que pour tous les usages différents dans les domaines les plus divers.</p>

<!-- This site is optimized with the Yoast SEO plugin v25.6 - https://yoast.com/wordpress/plugins/seo/ -->
<title>RUBAN ÉLASTIQUE &#8211; Cieffe Filati</title>
<meta name="robots" content="index, follow, max-snippet:-1, max-image-preview:large, max-video-preview:-1" />
<link rel="canonical" href="https://www.cieffefilati.it/fr/catalogo/accessori-fr/ruban-elastique/" />
<meta name="twitter:label1" content="Tempo di lettura stimato" />
	<meta name="twitter:data1" content="1 minuto" />
<script type="application/ld+json" class="yoast-schema-graph">{"@context":"https://schema.org","@graph":[{"@type":"WebPage","@id":"https://www.cieffefilati.it/fr/catalogo/accessori-fr/ruban-elastique/","url":"https://www.cieffefilati.it/fr/catalogo/accessori-fr/ruban-elastique/","name":"RUBAN ÉLASTIQUE &#8211; Cieffe Filati","isPartOf":{"@id":"https://www.cieffefilati.it/fr/#website"},"primaryImageOfPage":{"@id":"https://www.cieffefilati.it/fr/catalogo/accessori-fr/ruban-elastique/#primaryimage"},"image":{"@id":"https://www.cieffefilati.it/fr/catalogo/accessori-fr/ruban-elastique/#primaryimage"},"thumbnailUrl":"https://www.cieffefilati.it/wp-content/uploads/2023/01/WhatsApp-Image-2023-03-22-at-13.17.42.jpeg","datePublished":"2023-01-30T12:48:55+00:00","dateModified":"2023-02-02T14:02:58+00:00","breadcrumb":{"@id":"https://www.cieffefilati.it/fr/catalogo/accessori-fr/ruban-elastique/#breadcrumb"},"inLanguage":"it-IT","potentialAction":[{"@type":"ReadAction","target":["https://www.cieffefilati.it/fr/catalogo/accessori-fr/ruban-elastique/"]}]},{"@type":"ImageObject","inLanguage":"it-IT","@id":"https://www.cieffefilati.it/fr/catalogo/accessori-fr/ruban-elastique/#primaryimage","url":"https://www.cieffefilati.it/wp-content/uploads/2023/01/WhatsApp-Image-2023-03-22-at-13.17.42.jpeg","contentUrl":"https://www.cieffefilati.it/wp-content/uploads/2023/01/WhatsApp-Image-2023-03-22-at-13.17.42.jpeg","width":1499,"height":1453},{"@type":"BreadcrumbList","@id":"https://www.cieffefilati.it/fr/catalogo/accessori-fr/ruban-elastique/#breadcrumb","itemListElement":[{"@type":"ListItem","position":1,"name":"Home","item":"https://www.cieffefilati.it/fr/"},{"@type":"ListItem","position":2,"name":"Catalogo","item":"https://www.cieffefilati.it/fr/catalogo/%categoriacatalogo%/"},{"@type":"ListItem","position":3,"name":"Accessori","item":"https://www.cieffefilati.it/fr/categoriecatalogue/accessori-fr/"},{"@type":"ListItem","position":4,"name":"RUBAN ÉLASTIQUE"}]},{"@type":"WebSite","@id":"https://www.cieffefilati.it/fr/#website","url":"https://www.cieffefilati.it/fr/","name":"Cieffe Filati","description":"","publisher":{"@id":"https://www.cieffefilati.it/fr/#organization"},"potentialAction":[{"@type":"SearchAction","target":{"@type":"EntryPoint","urlTemplate":"https://www.cieffefilati.it/fr/?s={search_term_string}"},"query-input":{"@type":"PropertyValueSpecification","valueRequired":true,"valueName":"search_term_string"}}],"inLanguage":"it-IT"},{"@type":"Organization","@id":"https://www.cieffefilati.it/fr/#organization","name":"Cieffe Filati","url":"https://www.cieffefilati.it/fr/","logo":{"@type":"ImageObject","inLanguage":"it-IT","@id":"https://www.cieffefilati.it/fr/#/schema/logo/image/","url":"https://www.cieffefilati.it/wp-content/uploads/2024/09/logo-cieffe-filati-1.png","contentUrl":"https://www.cieffefilati.it/wp-content/uploads/2024/09/logo-cieffe-filati-1.png","width":372,"height":58,"caption":"Cieffe Filati"},"image":{"@id":"https://www.cieffefilati.it/fr/#/schema/logo/image/"}}]}</script>
<!-- / Yoast SEO plugin. -->

RUBAN ÉLASTIQUE &#8211; Cieffe Filati
